{"id":6575,"date":"2025-09-26T20:18:06","date_gmt":"2025-09-26T20:18:06","guid":{"rendered":"https:\/\/donyajewelry.ma\/?product=product-18"},"modified":"2025-11-13T17:30:43","modified_gmt":"2025-11-13T17:30:43","slug":"product-18","status":"publish","type":"product","link":"https:\/\/donyajewelry.ma\/?product=product-18","title":{"rendered":"Bague P\u00e9tales Zircone"},"content":{"rendered":"<p>Bague en argent plaqu\u00e9 or rose, orn\u00e9e d&#8217;une zircone centrale carr\u00e9.<\/p>\n","protected":false},"excerpt":{"rendered":"<p>Bague en argent plaqu\u00e9 or rose, orn\u00e9e d&#8217;une zircone centrale carr\u00e9.<\/p>\n","protected":false},"featured_media":6574,"comment_status":"open","ping_status":"closed","template":"","meta":[],"product_cat":[86],"product_tag":[],"class_list":{"0":"post-6575","1":"product","2":"type-product","3":"status-publish","4":"has-post-thumbnail","6":"product_cat-bague","8":"first","9":"instock","10":"shipping-taxable","11":"purchasable","12":"product-type-simple"},"jetpack_sharing_enabled":true,"_links":{"self":[{"href":"https:\/\/donyajewelry.ma\/index.php?rest_route=\/wp\/v2\/product\/6575","targetHints":{"allow":["GET"]}}],"collection":[{"href":"https:\/\/donyajewelry.ma\/index.php?rest_route=\/wp\/v2\/product"}],"about":[{"href":"https:\/\/donyajewelry.ma\/index.php?rest_route=\/wp\/v2\/types\/product"}],"replies":[{"embeddable":true,"href":"https:\/\/donyajewelry.ma\/index.php?rest_route=%2Fwp%2Fv2%2Fcomments&post=6575"}],"wp:featuredmedia":[{"embeddable":true,"href":"https:\/\/donyajewelry.ma\/index.php?rest_route=\/wp\/v2\/media\/6574"}],"wp:attachment":[{"href":"https:\/\/donyajewelry.ma\/index.php?rest_route=%2Fwp%2Fv2%2Fmedia&parent=6575"}],"wp:term":[{"taxonomy":"product_cat","embeddable":true,"href":"https:\/\/donyajewelry.ma\/index.php?rest_route=%2Fwp%2Fv2%2Fproduct_cat&post=6575"},{"taxonomy":"product_tag","embeddable":true,"href":"https:\/\/donyajewelry.ma\/index.php?rest_route=%2Fwp%2Fv2%2Fproduct_tag&post=6575"}],"curies":[{"name":"wp","href":"https:\/\/api.w.org\/{rel}","templated":true}]}}